(c) = 13*c + 83. Let o be h(-6). Suppose -2*x - 25 = -o*p, -15*p - 4*x = -11*p + 8. What is q(p)?
-13
Let j(d) be the first derivative of 5*d**4/2 - 2*d**3/3 - d**2/2 + 1. Suppose 2*b = 14 - 2. Suppose -5*o = -11*o - b. Calculate j(o).
-11
Let h = -38563 + 38591. Let q(p) be the third derivative of 1/6*p**3 + 0*p - 1/120*p**6 + 1/24*p**4 + 0 - h*p**2 + 1/60*p**5. What is q(2)?
-1
Let a(i) be the first derivative of -13*i**2/2 + 4. Let w = -157 + 171. Let h be (w/(-21))/((-4)/(-6)). What is a(h)?
13
Let o(m) = 2*m**2 + 7*m + 1. Suppose -24 = -10*p - 84. What is o(p)?
31
Suppose 5*w = 5*z - 35, 105 + 0 = 5*z + 5*w. Let d(n) = -6*n - 6. Give d(z).
-90
Let z(k) be the second derivative of -k**7/1260 - k**6/360 + k**5/40 + 77*k**4/6 - k + 12. Let t(j) be the third derivative of z(j). Give t(2).
-9
Suppose 35*u + 13*u = 22*u - 26. Let b(j) = 19*j**2 - 6*j - 4. Let r(v) = 9*v**2 - 3*v - 2. Let i(h) = 4*b(h) - 9*r(h). What is i(u)?
-6
Suppose -34*n + 774 = 9*n. Suppose 0 = -3*v + 4*o, -v - 2*o = 2*v + n. Let m(b) = b**2 + 4*b - 2. What is m(v)?
-2
Suppose -5*y + u = 2*u + 294, 2*u = -5*y - 298. Let o = -52 - y. Let z(q) = q**3 - 8*q**2 + 10*q + 11. Let v be z(o). Let d(p) = -4*p**2 + p. What is d(v)?
-5
Let q(c) be the first derivative of -90*c - 82 + 54*c + 45*c + c**2. Let y(h) = -h**3 - 4*h**2 + 6*h - 2. Let d be y(-5). What is q(d)?
-5
Let b(j) = -j**3 - 8*j**2 - 12*j + 3. Let x be -1 + 3 + -30 + 264/12. What is b(x)?
3
Let p(u) = u - 3. Let b = 123 - 81. Suppose b = -7*c - 0. Calculate p(c).
-9
Let u(a) = -29*a - 118. Let s(o) = -18*o - 59. Let m(j) = 5*s(j) - 3*u(j). Calculate m(0).
59
Let x be (-13)/(6/1 + -5). Let f be (x - -17)*(-1 - 0). Let k(i) = -2*i**2 - 5*i - 3. Determine k(f).
-15
Let x(d) be the second derivative of 0 - 2*d**2 + 21*d + 1/2*d**3. Let y(b) = 9*b - 13. Let o(f) = -7*x(f) + 2*y(f). What is o(-2)?
8
Let i(n) = 2*n**3 + 5*n**2 + n + 5. Let a(r) = -r**3 + r**2 + 1. Let u(c) = 4*a(c) - i(c). Let x = -22981 - -22980. Determine u(x).
5
Suppose -5*z + 4 = 9. Let u(m) be the second derivative of -7*m**4/3 - m**3/6 - m**2/2 + 2*m - 1211. Give u(z).
-28
Suppose 5*j + 5 = 0, -387*j + 28 = -5*a - 385*j. Let l(g) = 8*g + 2. Determine l(a).
-46
Suppose -4*b + 23 = -2*w + 37, -b + 5*w - 8 = 0. Let o(l) = -l**3 - 2*l**2 + 11*l + 18. Let s be o(b). Let k(z) = -3 - 7*z - 4 + 5 - z**2. Determine k(s).
4
Let m(t) = 82 - 76*t**2 - 52 + t**3 + 53*t**2 + 41*t. Give m(21).
9
Let h(a) = a**2 - a. Let d(z) = 3*z**2 - 11*z - 2. Let r(k) = -d(k) + 4*h(k). Suppose -9*g + 280 = -14*g. Let m be 4*(-1)/(-2)*g/16. Determine r(m).
2
Suppose q - t = 3*t + 22, 4*q = -2*t + 52. Suppose -z - 3*r = 0, 5*z - z + 5*r = q. Let x(c) = -c**3 + 7*c**2 - 5*c - 5. What is x(z)?
1
Let w(s) = -25*s - 1 - 6*s - s**3 - 7*s + s**2 + 37*s. Let b be 15/6 + (-2)/4. Suppose j + 2*f = 8, f = 3*j - b + 6. What is w(j)?
-1
Suppose -3*d - 2*h = -112 - 68, -3*d + 189 = -h. Let u(z) = 2*z + d + z**2 - 120 + z + 60. Calculate u(-5).
12
Let j(c) = 13*c**2 - 18*c + 5. Let w(m) = -30725*m**2 - 3*m - m + 30727*m**2 + 1. Let v(q) = -j(q) + 6*w(q). What is v(-5)?
6
Let p(s) = s**3 - 5*s**2 + s - 6. Let z(l) = -12 - 4 - 14*l - 40 - 14. Let c be z(-13). Suppose 0 = c*f - 116*f + 20. Give p(f).
-1
Suppose 11 = -3*g + 4*c, 2*c - c = -3*g - 16. Let b(l) = l**2 - 7*l. Determine b(g).
60
Let i(d) be the first derivative of d**4/4 - d**3 - 3*d**2 + 3*d + 5. Suppose 5*a - 14 = -y, -y + 28 = -0*y - 2*a. Suppose -11*b + y = -5*b. Calculate i(b).
-5
Let i = -125 - -86. Let s = 41 + i. Let p be s + -2 + -3 + 2. Let y(c) = 9*c**2 + 2*c + 1. What is y(p)?
8
Let w(h) = 2*h - 7 - 8 + 2 + 1. Suppose -52*j + 1344 = 124*j + 48*j. Determine w(j).
0
Let m(u) be the second derivative of -7*u**3/6 - 13*u**2/2 - 29*u - 5. Calculate m(6).
-55
Let v(f) = f**2 + f. Let i(t) = 7*t**2 + 2*t. Let z(b) = -i(b) + 6*v(b). Suppose -3*j + 4*p - 18 = 0, 3*p = 4*j + 55 - 45. Determine z(j).
4
Let i(l) = -l**3 + 12*l**2 + 26*l - 19. Let c be (0 + 2/6)/((-817)/(-798) - 1). What is i(c)?
-47
Let k(x) = -3 + x + 0*x + 4. Suppose 0 = 4*n - 2*n - 5*c - 21, -33 = -4*n + c. Suppose -4*y + 20 = 4*i, 3*i - n*i + 25 = -4*y. What is k(y)?
1
Let v(i) = 5*i**2 + 69*i - 21. Suppose 172 = -81*q - 962. Calculate v(q).
-7
Let f(s) = 276*s - 203. Let j(l) = -605*l + 407. Let d(r) = 11*f(r) + 5*j(r). Give d(18).
0
Let n(x) = -13*x + 17. Let h(u) = 9*u - 16. Let y(b) = 3*h(b) + 2*n(b). Let j = -4 - -15. What is y(j)?
-3
Let p(h) = h**3 - 28*h**2 - 5. Let b = -7078 - -7106. Determine p(b).
-5
Let c(w) = -w**2 + 13*w + 13. Let a(g) = -1. Let f(y) = 3*a(y) - c(y). Let b = -23 - -37. Let o be f(b). Let d(q) = -q**2 + 3*q + 3. Determine d(o).
-7
Let r(d) = -d - 4. Let m be r(-6). Let p(w) = -8*w**3 - 8*w**2 + 25*w + 25. Let k(v) = v**3 + v**2 - 3*v - 3. Let u(t) = 50*k(t) + 6*p(t). Calculate u(m).
24
Let j = 40 + -39. Let k be 0 + -6*(-3)/6 + -1. Let d(b) = 4*b**3 + 3*b - 3*b**3 + 16*b**2 + 3*b - 9*b**k - j. Determine d(-6).
-1
Let q(z) be the first derivative of z**3/3 - z**2 + 3*z - 324. Suppose 2*m - 2*t - 10 = 0, t + 13 = 5*m - 0. Determine q(m).
3
Let g(q) = -15*q**3 + 2*q + 3*q**3 + 4*q**3 - 8*q**2 + 4*q**2 - 5 - q**3. Let v(a) = -16*a**3 - 7*a**2 + 3*a - 9. Let z(f) = -7*g(f) + 4*v(f). Determine z(-2).
11
Let f(p) = 115*p + 813. Let q be f(-7). Let b(c) = 5*c + 2. What is b(q)?
42
Let v(p) be the second derivative of 2*p**3/3 + 22*p**2 + 53*p. Calculate v(-9).
8
Let j(l) = -8*l**2 + l. Let y(i) = 46*i**2 - 4*i - 4. Let u(z) = 5*j(z) + y(z). Give u(3).
53
Let a(v) = -16*v + 49. Let o(g) = -30*g + 98. Let m(f) = 5*a(f) - 3*o(f). Let y be m(5). Let p be ((-49)/1)/(-7)*y*-1. Let k(w) = -2*w + 6. Calculate k(p).
20
Let q(h) be the first derivative of -h**7/840 + h**6/90 - h**5/40 + h**4/6 + 39*h**3 + 109. Let m(u) be the third derivative of q(u). Give m(3).
4
Let r(f) = f**2 + 9*f + 11. Let o = 717 - 753. Let t be ((-16)/48)/((-2)/o). Determine r(t).
-7
Let c be (1 + -1)/(19/((-285)/(-30))). Let t(d) = d. Let v(m) = 2*m + 1. Let n(z) = -13*t(z) + 6*v(z). What is n(c)?
6
Let l(h) be the first derivative of -h**4/4 + h**3/3 - 3*h**2/2 + 2*h + 18. Let k be (7 + 1)*(-9)/(-12). Suppose -5*d = -k - 4. What is l(d)?
-8
Let t(c) be the third derivative of 68*c**2 + 7/24*c**4 - 5/3*c**3 - 1/60*c**5 + 0 + 0*c. Determine t(5).
0
Let c(w) = -22 - 5 + 12 + 62*w + 2*w**2 - 63*w. Give c(3).
0
Let q = 415 + -418. Suppose 9*p = 11*p. Let c(u) = -u**2 + 0 + 1 + p*u**2. Calculate c(q).
-8
Let u(v) = -2*v**2 + 45*v - 94. Suppose -5*c - 73*w + 90 = -75*w, -8*w = 5*c - 140. Calculate u(c).
6
Let j(p) = 2*p**2 - 30*p - 33. Let l be 36/2 + (-14 + 13)*2. Calculate j(l).
-1
Let b(q) = -q**2 + 19. Let w be b(4). Let j(y) = -10 + 0*y**3 - 241*y**2 + 240*y**2 - y**w. What is j(0)?
-10
Let b(f) = -f**3 + 17*f**2 - 28*f + 10. Let n be b(15). Let s(d) be the first derivative of -n - 1/2*d**2 - 11*d. Give s(-7).
-4
Let v(b) = 13 - 23*b - 21 + 16*b + 14. What is v(-4)?
34
Let x(h) = h**2 - 11*h + 8. Let a(u) = -u. Let m(j) = -5*a(j) + x(j). Suppose 2*p - f - 4 = 0, 4*p - 4*f - 11 = -15. Calculate m(p).
3
Let r(a) = -a**3 + 4*a**2 - 4*a + 1. Suppose 14 = -0*q + 2*q - 4*u, 3*q - 5 = -2*u. Suppose -q*c = -8 - 7. Suppose -c*o + 12 = -o. Calculate r(o).
-2
Let d(m) be the third derivative of m**5/20 - m**4/4 + m**3/6 - 2*m**2 - 771. Give d(-4).
73
Suppose -3 = 4*n - 3*n. Let f be -6*-8*3*n/(-54). Let g(u) = -2 - 4*u**2 + 5*u**2 + 0*u + f*u. Calculate g(-6).
-14
Suppose 227 = 57*k - 229. Let h(m) = m**2 - 5*m + 12. Give h(k).
36
Let a(f) = f + 4. Let q(w) = -74*w**2 - 70*w**2 + 13*w + 143*w**2 + 12. Let d be q(14). Calculate a(d).
2
Suppose -3*d - 24 = -3*g, d = 2*g + 2*d - 7. Suppose -g*p - 22 = -7*p. Let j(t) = t**2 - 11*t - 1. Let c be j(p). Let b(l) = -23*l**2 - 2*l - 1. What is b(c)?
-22
Let g(z) be the first derivative of -z**6/40 + z**5/20 + z**4/12 - 69*z**2/2 + 126. Let o(j) be the second derivative of g(j). Determine o(-1).
4
Let z(l) be the third derivative of 0 - 11/24*l**4 + 135*l**2 - 3/2*l**3 + 1/60*l**5 + 0*l. What is z(9)?
-27
Let k(w) = w**2 - 7*w + 1. Let j(h) = 135*h - 675. Let n be j(5). Give k(n).
1
Let z = 169 - 167. Let t be z/(-6) - (-30)/90. Let x(i) be the third derivative of i**4/24 - 2*i**3 - i**2. Determine x(t).
-12
Let j(k) = 3*k**2 - 3*k**2 + 2*k + 4*k*